5*v + 119 = t. Calculate the highest common factor of t and 737.
67
Suppose -c = -5*l + 3*l + 37, -71 = -4*l + 3*c. What is the highest common divisor of 470 and l?
10
Let x = -578 + 611. What is the highest common divisor of 21 and x?
3
Let q = 1 - -1. Suppose q*f - 4 = -v, 2*v - 8 = 5*f - 4*f. Suppose 4*g - 8*g - v*m + 20 = 0, -g - 4*m = -2. What is the greatest common divisor of g and 4?
2
Let i be (0 - -25) + -4 + 3. Let n = 116 + -57. Let s = -53 + n. Calculate the highest common factor of i and s.
6
Let u = -156 - -164. Calculate the greatest common divisor of 32 and u.
8
Suppose 32*x - 30*x - a = 23, -x = 4*a + 2. What is the greatest common divisor of x and 95?
5
Let x(m) = -2*m**3 - 38*m**2 - 79*m + 33. Let z be x(-17). Calculate the greatest common factor of 140 and z.
20
Let j be (1 - -1 - -331) + -4. Suppose -2*k = -5*u - 658, j = -k + 2*k + 3*u. What is the greatest common factor of k and 47?
47
Suppose -2*u = -0*u - 2. Let l = u - -8. What is the greatest common factor of l and 9?
9
Let p(x) = -x**2 - 6*x. Let v be p(-5). Let f be (2 - 7)/(2/(-8)). What is the greatest common divisor of v and f?
5
Let v(w) = 4*w + 4. Let z be v(-3). Let y = z + 12. Suppose y*n - 560 = -n. Calculate the highest common factor of n and 14.
14
Let n be (-4)/(-16)*4*27. Calculate the highest common divisor of n and 297.
27
Suppose 11*c = 301 + 700. What is the highest common factor of 26 and c?
13
Let h(n) = n**3 + 8*n**2 + 6*n. Let i be h(-5). Let v(z) = 29*z**3 + 9*z**2 - 8*z. Let r be v(1). Calculate the highest common factor of r and i.
15
Let t = -27 + 57. Let s be 588/t - (-2)/5. Suppose -5*d - 164 = -u - 2*u, -s = 5*d. Calculate the highest common factor of 16 and u.
16
Let j = 18 + 2. Suppose -5*y + 12 = -4*s - 1, 2*s + 4 = 0. Let q be y*(-2 - (-30)/5). Calculate the highest common divisor of q and j.
4
Let j = -1702 + 1704. Calculate the highest common factor of j and 149.
1
Let b(x) = 7 + 39 - x**2 + 38. Let q be b(0). What is the greatest common factor of 14 and q?
14
Let u(z) = 4*z**2 + z - 4. Let c be u(-2). Suppose 0*y = -4*y + 8. What is the highest common divisor of y and c?
2
Suppose 3*l - 28 = -4*h, 5*h - 3 - 5 = 3*l. Let k be (h/(-6))/(-2)*6. Suppose 0 = -0*i + k*i - 144. What is the highest common factor of 9 and i?
9
Let h be -27*(20/30)/(2/(-3)). Suppose 60 = -25*y + h*y. What is the greatest common divisor of 70 and y?
10
Let q = -42 - -91. Let h = q + -41. Calculate the highest common factor of 24 and h.
8
Let l = -8 + 17. Suppose 0 = 3*g - 16 + 4. Suppose 4 = 5*t - t - g*a, t - 1 = -3*a. Calculate the greatest common divisor of t and l.
1
Suppose -31 = 5*t + 4*h, 3*h - 2 = t + 8. Let v(u) = 3 + 2 + 9*u**2 - 6 - 4 + 9*u + u**3. Let j be v(t). What is the greatest common factor of j and 120?
30
Suppose -3 = 2*u - 19. Let h = -294 + 490. Suppose 0 = -6*s + u*s - h. Calculate the greatest common factor of s and 14.
14
Let x = -1 - -6. Suppose 0 = -4*v - 3*j + x, 2*j = -5*v - 2 + 10. Suppose 3*b - 35 = -v*b. What is the highest common divisor of 63 and b?
7
Suppose 3*h - 5166 = -39*h. Calculate the highest common factor of 615 and h.
123
Let r be (-5)/2*68/(-85). What is the greatest common divisor of 10 and r?
2
Let g(l) = -l**3 - 2*l**2 - 2*l + 1. Let f be g(-2). Suppose -2*y - f*y = -49. Calculate the highest common divisor of 77 and y.
7
Suppose 15*f - 108 = 9*f. Calculate the highest common factor of f and 4.
2
Let b(i) = i**2 + 25*i + 108. Let s be b(-4). What is the greatest common divisor of 456 and s?
24
Let i be 4 + 1 + (-4 - -3). Let y(q) = -6 + 11 + 0 - i - 57*q. Let k be y(-2). What is the greatest common factor of k and 23?
23
Let b = -15 - -13. Let c(w) = w**2 + 2*w + 3. Let r be c(b). Suppose r*n = -3*s + 399, 3*n - n + 5*s = 266. What is the highest common factor of 19 and n?
19
Let h(g) = -g**2 - g + 22. Let o be h(0). Let q be (-35)/10*616/(-49). Calculate the greatest common factor of o and q.
22
Suppose r - 5*m - 31 = -2*m, 5*r - 103 = 2*m. Let b = r - 11. Suppose 0 = -z - 4*x + 36, -3*z = 2*x + x - 63. Calculate the highest common factor of z and b.
8
Let a = -4 + 8. Suppose a*x - 33 = x. Suppose -2*h + 11 = -x. What is the highest common factor of h and 121?
11
Let l(i) = i**2 - 8*i - 1. Let g be l(9). Let u be 1/(-2) + 2092/g. Calculate the greatest common divisor of 29 and u.
29
Let k = -49 - -161. Let n be (-2)/24 - 1685/(-60). Calculate the greatest common divisor of n and k.
28
Suppose x - 14 = 7. Let a = 131 - x. Calculate the highest common divisor of 44 and a.
22
Let s(l) = 168*l - 15. Let d be s(1). Calculate the highest common factor of 27 and d.
9
Let t = -245 - -272. What is the highest common factor of 63 and t?
9
Let q(l) be the first derivative of -l**4/4 - 5*l**3/3 + 4*l**2 + 13*l - 7. Let o be q(-6). What is the highest common divisor of 6 and o?
1
Let t be (-192)/2*12/(-16). What is the highest common divisor of 8 and t?
8
Let w(f) = -16*f - f**3 + 6 + 0*f**3 + 7*f**2 - f**2 + 11*f**2. Let j be w(16). Calculate the greatest common divisor of j and 4.
2
Suppose 3*i - 3*u = 0, 3*i + 3*u = -0*i. Let q be i + 1/((-2)/(-224)). Suppose 0*d - 25 = -5*d, 4*d - 68 = -3*z. What is the greatest common factor of q and z?
16
Let c(z) = -z**2 - 31*z + 9. Let o be c(-27). Suppose -6*l - 4 + 82 = 0. What is the highest common factor of o and l?
13
Let q be 11 - 14 - (-130 - 1). What is the highest common divisor of q and 8?
8
Let s be 4/8*(2 + 12). What is the highest common factor of 175 and s?
7
Let v = -92 - -103. What is the greatest common factor of v and 176?
11
Let a(u) = 6*u + 21. Let c be a(14). Suppose 209 = 5*n + w, 228 = 4*n + w + 61. Calculate the greatest common divisor of n and c.
21
Suppose 3*r = 5*n - n - 432, 4*r = 3*n - 331. Let j = -1464 + 1499. What is the highest common factor of n and j?
35
Let l = 13 - 8. Let f(u) = u**2 - 5*u + 3. Let d be f(l). Suppose 185 = x + 5*b, 5*x + d*b = 4*b + 821. What is the greatest common divisor of 15 and x?
15
Let t(q) = 4*q**2 + 41*q - 24. Let v be t(-11). Calculate the highest common divisor of v and 153.
9
Suppose -w = -4*w + 828. Suppose 7*b - w = 4. What is the highest common divisor of 60 and b?
20
Suppose 0 = -2*k - 8, s - 29 = 5*k + 1. Let m = -5 + 8. Suppose 2*c + 20 = m*c. What is the greatest common factor of c and s?
10
Let c be 46/6 + 1/3. Let q be 21 - (c/4 + 1). Let b = 59 + -32. Calculate the highest common factor of b and q.
9
Suppose -5*s = -3*i + 1930, -7*i + 4*s + 1928 = -4*i. Calculate the highest common factor of 40 and i.
40
Let m = 48 - -66. Let f be (6 + -1)*380/25. Calculate the highest common factor of f and m.
38
Suppose -2*y + 1 + 1 = 0, 0 = 4*j + y - 21. Suppose j*f + 7 = 107. Suppose -13*r + 4*r = -13*r + 40. What is the greatest common factor of f and r?
10
Suppose 4*g = -4*c + 88, -23 = -c + 3*g - 17. What is the highest common factor of c and 72?
18
Let n(q) = -2*q + 8. Let s be n(3). Let l be (-3 - (-8 + 4))*s. Suppose 580 = 3*j + l*j. What is the greatest common divisor of 29 and j?
29
Suppose 0 = 7*h + 13 - 181. Calculate the greatest common divisor of h and 18.
6
Let v(w) = 12*w**2 - 213*w + 19. Let x be v(19). What is the highest common factor of x and 114?
38
Let m(p) = p**3 + 7*p**2 + 10*p + 39. Let j be m(-6). Suppose 2*d = -2*z + 158, 5*z - 2*d = 262 + 105. What is the greatest common divisor of z and j?
15
Suppose 40*n + 2 = 38*n. Let v be (-17)/3 - 2/(-3). Let r = n - v. What is the highest common divisor of 44 and r?
4
Let a be (-3 - -1)/(4/134). Let f = 92 + a. Calculate the highest common divisor of f and 25.
25
Let d(i) be the first derivative of -2*i**2 + 32*i + 5. Let u be d(-15). Calculate the highest common factor of u and 230.
46
Let r be 667 + -3 + (0 - (2 + 2)). Let v = r - 430. What is the highest common divisor of 10 and v?
10
Let t = -57 - -155. Suppose -1 + 85 = 2*q. What is the greatest common divisor of q and t?
14
Suppose 39*n = -321 + 906. Suppose 0 = p - 0*p - 9. What is the highest common factor of n and p?
3
Suppose 146 = -4*m + 6*m. Suppose -3*w = -122 - m. Suppose 2*k - 25 - 1 = 0. What is the highest common factor of w and k?
13
Suppose 48 = 3*d - 3*l, -4*l = 9*d - 4*d - 125. Calculate the highest common factor of 525 and d.
21
Let k(w) = -7*w + 11. Let a be k(2). Let p be 7/(a